{"id":31,"date":"2024-10-24T23:51:38","date_gmt":"2024-10-24T21:51:38","guid":{"rendered":"https:\/\/brocabois.fr\/?page_id=31"},"modified":"2026-04-02T22:57:09","modified_gmt":"2026-04-02T20:57:09","slug":"meubles","status":"publish","type":"page","link":"https:\/\/brocabois.fr\/index.php\/meubles\/","title":{"rendered":"Meubles"},"content":{"rendered":"\n<p>Une s\u00e9lection de meubles pour une d\u00e9coration vintage, champ\u00eatre et nature. De la table de ferme au bureau en passant par les bancs, chaises et tables basses.<br><\/p>\n\n\n\n<figure class=\"wp-block-image size-large is-style-rounded is-style-rounded--1\"><img loading=\"lazy\" decoding=\"async\" width=\"1024\" height=\"576\" src=\"https:\/\/brocabois.fr\/wp-content\/uploads\/2025\/06\/bancs-1024x576.jpg\" alt=\"\" class=\"wp-image-560\" srcset=\"https:\/\/brocabois.fr\/wp-content\/uploads\/2025\/06\/bancs-1024x576.jpg 1024w, https:\/\/brocabois.fr\/wp-content\/uploads\/2025\/06\/bancs-300x169.jpg 300w, https:\/\/brocabois.fr\/wp-content\/uploads\/2025\/06\/bancs-768x432.jpg 768w, https:\/\/brocabois.fr\/wp-content\/uploads\/2025\/06\/bancs-1536x864.jpg 1536w, https:\/\/brocabois.fr\/wp-content\/uploads\/2025\/06\/bancs.jpg 1919w\" sizes=\"auto, (max-width: 1024px) 100vw, 1024px\" \/><\/figure>\n\n\n\n<p class=\"has-text-align-center has-small-font-size\">2 bancs XXL industriel, assise en bois, pieds en m\u00e9tal<br>Longueur 3m<br>Hauteur 44cm<br>Largeur 24cm et 28cm<br><strong><em>290\u20ac<\/em><\/strong><br><\/p>\n\n\n\n<figure class=\"wp-block-image size-large is-style-rounded is-style-rounded--2\"><img loading=\"lazy\" decoding=\"async\" width=\"1024\" height=\"683\" src=\"https:\/\/brocabois.fr\/wp-content\/uploads\/2025\/11\/1-1024x683.jpg\" alt=\"\" class=\"wp-image-619\" srcset=\"https:\/\/brocabois.fr\/wp-content\/uploads\/2025\/11\/1-1024x683.jpg 1024w, https:\/\/brocabois.fr\/wp-content\/uploads\/2025\/11\/1-300x200.jpg 300w, https:\/\/brocabois.fr\/wp-content\/uploads\/2025\/11\/1-768x512.jpg 768w, https:\/\/brocabois.fr\/wp-content\/uploads\/2025\/11\/1-1536x1024.jpg 1536w, https:\/\/brocabois.fr\/wp-content\/uploads\/2025\/11\/1.jpg 1620w\" sizes=\"auto, (max-width: 1024px) 100vw, 1024px\" \/><\/figure>\n\n\n\n<p class=\"has-text-align-center has-small-font-size\">Table de ferme<br>Longueur 140,5cm<br>Largeur 69,5cm<br>Hauteur 77cm<br><em>275\u20ac<\/em><\/p>\n\n\n\n<figure class=\"wp-block-image aligncenter size-large is-resized is-style-rounded is-style-rounded--3\"><img loading=\"lazy\" decoding=\"async\" width=\"771\" height=\"1024\" src=\"https:\/\/brocabois.fr\/wp-content\/uploads\/2025\/08\/1-1-771x1024.jpg\" alt=\"\" class=\"wp-image-569\" style=\"aspect-ratio:0.75;object-fit:cover;width:410px;height:auto\" srcset=\"https:\/\/brocabois.fr\/wp-content\/uploads\/2025\/08\/1-1-771x1024.jpg 771w, https:\/\/brocabois.fr\/wp-content\/uploads\/2025\/08\/1-1-226x300.jpg 226w, https:\/\/brocabois.fr\/wp-content\/uploads\/2025\/08\/1-1-768x1020.jpg 768w, https:\/\/brocabois.fr\/wp-content\/uploads\/2025\/08\/1-1.jpg 1080w\" sizes=\"auto, (max-width: 771px) 100vw, 771px\" \/><\/figure>\n\n\n\n<p class=\"has-text-align-center has-small-font-size\">Escabeau de peintre transform\u00e9 en \u00e9tag\u00e8re. 4 tablettes en ch\u00eane<br>Longueur 80 cm<br>Largeur 46 cm<br>Hauteur 1m20<br><strong><em>95\u20ac<\/em><\/strong><br><\/p>\n\n\n\n<figure class=\"wp-block-image size-full is-style-rounded is-style-rounded--4\"><img loading=\"lazy\" decoding=\"async\" width=\"1020\" height=\"768\" src=\"https:\/\/brocabois.fr\/wp-content\/uploads\/2025\/10\/1-4.jpg\" alt=\"\" class=\"wp-image-606\" srcset=\"https:\/\/brocabois.fr\/wp-content\/uploads\/2025\/10\/1-4.jpg 1020w, https:\/\/brocabois.fr\/wp-content\/uploads\/2025\/10\/1-4-300x226.jpg 300w, https:\/\/brocabois.fr\/wp-content\/uploads\/2025\/10\/1-4-768x578.jpg 768w\" sizes=\"auto, (max-width: 1020px) 100vw, 1020px\" \/><\/figure>\n\n\n\n<p class=\"has-text-align-center has-small-font-size\">Table basse style table de ferme<br>Longueur 1m05<br>Largeur 71cm<br>Hauteur 47cm<br><em><em>Vendu<\/em><\/em><\/p>\n\n\n\n<figure class=\"wp-block-image size-full is-style-rounded is-style-rounded--5\"><img loading=\"lazy\" decoding=\"async\" width=\"1020\" height=\"768\" src=\"https:\/\/brocabois.fr\/wp-content\/uploads\/2025\/09\/1.jpg\" alt=\"\" class=\"wp-image-590\" srcset=\"https:\/\/brocabois.fr\/wp-content\/uploads\/2025\/09\/1.jpg 1020w, https:\/\/brocabois.fr\/wp-content\/uploads\/2025\/09\/1-300x226.jpg 300w, https:\/\/brocabois.fr\/wp-content\/uploads\/2025\/09\/1-768x578.jpg 768w\" sizes=\"auto, (max-width: 1020px) 100vw, 1020px\" \/><\/figure>\n\n\n\n<p class=\"has-text-align-center has-small-font-size\">Ancienne table de ferme r\u00e9nov\u00e9e et transform\u00e9e en table basse.<br>Longueur 1m44<br>Largeur 62cm<br>Hauteur 48cm<br><em>Vendu<\/em><\/p>\n\n\n\n<figure class=\"wp-block-image size-large is-style-rounded is-style-rounded--6\"><img loading=\"lazy\" decoding=\"async\" width=\"1024\" height=\"576\" src=\"https:\/\/brocabois.fr\/wp-content\/uploads\/2025\/06\/1-1-1024x576.jpg\" alt=\"\" class=\"wp-image-549\" srcset=\"https:\/\/brocabois.fr\/wp-content\/uploads\/2025\/06\/1-1-1024x576.jpg 1024w, https:\/\/brocabois.fr\/wp-content\/uploads\/2025\/06\/1-1-300x169.jpg 300w, https:\/\/brocabois.fr\/wp-content\/uploads\/2025\/06\/1-1-768x432.jpg 768w, https:\/\/brocabois.fr\/wp-content\/uploads\/2025\/06\/1-1-1536x864.jpg 1536w, https:\/\/brocabois.fr\/wp-content\/uploads\/2025\/06\/1-1.jpg 1919w\" sizes=\"auto, (max-width: 1024px) 100vw, 1024px\" \/><\/figure>\n\n\n\n<p class=\"has-text-align-center has-small-font-size\">Table basse &#8211; billot style brutaliste<br>Diam\u00e8tre variable de 54 \u00e0 70 cm<br>Hauteur 50cm<br><strong><em>150\u20ac<\/em><\/strong><\/p>\n\n\n\n<figure class=\"wp-block-image size-large is-style-rounded is-style-rounded--7\"><img loading=\"lazy\" decoding=\"async\" width=\"1024\" height=\"771\" src=\"https:\/\/brocabois.fr\/wp-content\/uploads\/2025\/06\/table-ferme-1024x771.jpg\" alt=\"\" class=\"wp-image-558\" srcset=\"https:\/\/brocabois.fr\/wp-content\/uploads\/2025\/06\/table-ferme-1024x771.jpg 1024w, https:\/\/brocabois.fr\/wp-content\/uploads\/2025\/06\/table-ferme-300x226.jpg 300w, https:\/\/brocabois.fr\/wp-content\/uploads\/2025\/06\/table-ferme-768x578.jpg 768w, https:\/\/brocabois.fr\/wp-content\/uploads\/2025\/06\/table-ferme.jpg 1434w\" sizes=\"auto, (max-width: 1024px) 100vw, 1024px\" \/><\/figure>\n\n\n\n<p class=\"has-text-align-center has-small-font-size\">Authentique table basse style de ferme avec ses traces de coups, usures, rayures&#8230;<br>Longueur 1m28<br>Largeur 67 cm<br>Hauteur 52 cm<br><strong><em>Vendu<\/em><\/strong><\/p>\n\n\n\n<figure class=\"wp-block-image size-large is-style-rounded is-style-rounded--8\"><img loading=\"lazy\" decoding=\"async\" width=\"1024\" height=\"576\" src=\"https:\/\/brocabois.fr\/wp-content\/uploads\/2025\/04\/IMG_20250422_141446-1024x576.jpg\" alt=\"\" class=\"wp-image-521\" srcset=\"https:\/\/brocabois.fr\/wp-content\/uploads\/2025\/04\/IMG_20250422_141446-1024x576.jpg 1024w, https:\/\/brocabois.fr\/wp-content\/uploads\/2025\/04\/IMG_20250422_141446-300x169.jpg 300w, https:\/\/brocabois.fr\/wp-content\/uploads\/2025\/04\/IMG_20250422_141446-768x432.jpg 768w, https:\/\/brocabois.fr\/wp-content\/uploads\/2025\/04\/IMG_20250422_141446-1536x864.jpg 1536w, https:\/\/brocabois.fr\/wp-content\/uploads\/2025\/04\/IMG_20250422_141446-2048x1153.jpg 2048w\" sizes=\"auto, (max-width: 1024px) 100vw, 1024px\" \/><\/figure>\n\n\n\n<p class=\"has-text-align-center has-small-font-size\">Banc de ferme r\u00e9nov\u00e9 (ponc\u00e9, trait\u00e9, cir\u00e9).<br>Longueur 186cm<br>Largeur 20cm<br>Hauteur 44cm <br><strong>Vendu<\/strong><\/p>\n\n\n\n<figure class=\"wp-block-image size-large is-style-rounded is-style-rounded--9\"><img loading=\"lazy\" decoding=\"async\" width=\"1024\" height=\"711\" src=\"https:\/\/brocabois.fr\/wp-content\/uploads\/2025\/04\/2-1-1024x711.jpg\" alt=\"\" class=\"wp-image-513\" srcset=\"https:\/\/brocabois.fr\/wp-content\/uploads\/2025\/04\/2-1-1024x711.jpg 1024w, https:\/\/brocabois.fr\/wp-content\/uploads\/2025\/04\/2-1-300x208.jpg 300w, https:\/\/brocabois.fr\/wp-content\/uploads\/2025\/04\/2-1-768x533.jpg 768w, https:\/\/brocabois.fr\/wp-content\/uploads\/2025\/04\/2-1.jpg 1382w\" sizes=\"auto, (max-width: 1024px) 100vw, 1024px\" \/><\/figure>\n\n\n\n<p class=\"has-text-align-center has-small-font-size\">2 bancs de ferme<br>Longueur 179cm<br>Hauteur 44cm<br>Largeur 15,5cm<br><strong>Vendu<\/strong><\/p>\n\n\n\n<figure class=\"wp-block-image size-large is-style-rounded is-style-rounded--10\"><img loading=\"lazy\" decoding=\"async\" width=\"1024\" height=\"683\" src=\"https:\/\/brocabois.fr\/wp-content\/uploads\/2025\/03\/1-2-1024x683.jpg\" alt=\"\" class=\"wp-image-402\" srcset=\"https:\/\/brocabois.fr\/wp-content\/uploads\/2025\/03\/1-2-1024x683.jpg 1024w, https:\/\/brocabois.fr\/wp-content\/uploads\/2025\/03\/1-2-300x200.jpg 300w, https:\/\/brocabois.fr\/wp-content\/uploads\/2025\/03\/1-2-768x512.jpg 768w, https:\/\/brocabois.fr\/wp-content\/uploads\/2025\/03\/1-2-1536x1024.jpg 1536w, https:\/\/brocabois.fr\/wp-content\/uploads\/2025\/03\/1-2.jpg 1620w\" sizes=\"auto, (max-width: 1024px) 100vw, 1024px\" \/><\/figure>\n\n\n\n<p class=\"has-text-align-center has-small-font-size\">Table de ferme transform\u00e9e en table basse, avec 1 tiroir.<br>Longueur 116cm<br>Largeur 69cm<br>Hauteur 52cm<br><strong><em>Vendu<\/em><\/strong><\/p>\n\n\n\n<figure class=\"wp-block-image size-large is-style-rounded is-style-rounded--11\"><img loading=\"lazy\" decoding=\"async\" width=\"1024\" height=\"771\" src=\"https:\/\/brocabois.fr\/wp-content\/uploads\/2025\/02\/1-4-1024x771.jpg\" alt=\"\" class=\"wp-image-366\" srcset=\"https:\/\/brocabois.fr\/wp-content\/uploads\/2025\/02\/1-4-1024x771.jpg 1024w, https:\/\/brocabois.fr\/wp-content\/uploads\/2025\/02\/1-4-300x226.jpg 300w, https:\/\/brocabois.fr\/wp-content\/uploads\/2025\/02\/1-4-768x578.jpg 768w, https:\/\/brocabois.fr\/wp-content\/uploads\/2025\/02\/1-4.jpg 1434w\" sizes=\"auto, (max-width: 1024px) 100vw, 1024px\" \/><\/figure>\n\n\n\n<p class=\"has-text-align-center has-small-font-size\">Table de ferme transform\u00e9e en table basse, avec 2 tiroirs.<br>Longueur 1m<br>Largeur 60cm<br>Hauteur 38cm<br><strong><em>Vendu<\/em><\/strong><\/p>\n\n\n\n<figure class=\"wp-block-image size-large is-style-rounded is-style-rounded--12\"><img loading=\"lazy\" decoding=\"async\" width=\"1024\" height=\"683\" src=\"https:\/\/brocabois.fr\/wp-content\/uploads\/2025\/02\/1-6-1024x683.jpg\" alt=\"\" class=\"wp-image-388\" srcset=\"https:\/\/brocabois.fr\/wp-content\/uploads\/2025\/02\/1-6-1024x683.jpg 1024w, https:\/\/brocabois.fr\/wp-content\/uploads\/2025\/02\/1-6-300x200.jpg 300w, https:\/\/brocabois.fr\/wp-content\/uploads\/2025\/02\/1-6-768x512.jpg 768w, https:\/\/brocabois.fr\/wp-content\/uploads\/2025\/02\/1-6-1536x1024.jpg 1536w, https:\/\/brocabois.fr\/wp-content\/uploads\/2025\/02\/1-6.jpg 1620w\" sizes=\"auto, (max-width: 1024px) 100vw, 1024px\" \/><\/figure>\n\n\n\n<p class=\"has-text-align-center has-small-font-size\">Buffet ouvert r\u00e9nov\u00e9 avec une \u00e9tag\u00e8re.<br>Id\u00e9al pour ranger la vaisselle ou en faire une biblioth\u00e8que.<br>Largeur 1m05<br>Profondeur 54cm<br>Hauteur 83cm<br><strong><em>Vendu<\/em><\/strong><\/p>\n\n\n\n<figure class=\"wp-block-image size-large is-style-rounded is-style-rounded--13\"><img loading=\"lazy\" decoding=\"async\" width=\"1024\" height=\"676\" src=\"https:\/\/brocabois.fr\/wp-content\/uploads\/2025\/02\/1-5-1024x676.jpg\" alt=\"\" class=\"wp-image-369\" srcset=\"https:\/\/brocabois.fr\/wp-content\/uploads\/2025\/02\/1-5-1024x676.jpg 1024w, https:\/\/brocabois.fr\/wp-content\/uploads\/2025\/02\/1-5-300x198.jpg 300w, https:\/\/brocabois.fr\/wp-content\/uploads\/2025\/02\/1-5-768x507.jpg 768w, https:\/\/brocabois.fr\/wp-content\/uploads\/2025\/02\/1-5-1536x1014.jpg 1536w, https:\/\/brocabois.fr\/wp-content\/uploads\/2025\/02\/1-5.jpg 1572w\" sizes=\"auto, (max-width: 1024px) 100vw, 1024px\" \/><\/figure>\n\n\n\n<p class=\"has-text-align-center has-small-font-size\">Table style drapier r\u00e9nov\u00e9<br>Longueur 2m02<br>Largeur 53 cm<br>Hauteur 69 cm<br><strong><em>Vendu<\/em><\/strong><\/p>\n\n\n\n<figure class=\"wp-block-image size-large is-style-rounded is-style-rounded--14\"><img loading=\"lazy\" decoding=\"async\" width=\"1024\" height=\"683\" src=\"https:\/\/brocabois.fr\/wp-content\/uploads\/2025\/02\/1-1024x683.jpg\" alt=\"\" class=\"wp-image-339\" srcset=\"https:\/\/brocabois.fr\/wp-content\/uploads\/2025\/02\/1-1024x683.jpg 1024w, https:\/\/brocabois.fr\/wp-content\/uploads\/2025\/02\/1-300x200.jpg 300w, https:\/\/brocabois.fr\/wp-content\/uploads\/2025\/02\/1-768x512.jpg 768w, https:\/\/brocabois.fr\/wp-content\/uploads\/2025\/02\/1-1536x1024.jpg 1536w, https:\/\/brocabois.fr\/wp-content\/uploads\/2025\/02\/1.jpg 1620w\" sizes=\"auto, (max-width: 1024px) 100vw, 1024px\" \/><\/figure>\n\n\n\n<p class=\"has-text-align-center has-small-font-size\">Table basse (ancienne table de ferme) r\u00e9nov\u00e9e.<br>Longueur 1m60<br>Largeur 75 cm<br>Hauteur 56 cm<br><strong><em>Vendu<\/em><\/strong><\/p>\n\n\n\n<figure class=\"wp-block-image size-large is-style-rounded is-style-rounded--15\"><img loading=\"lazy\" decoding=\"async\" width=\"1024\" height=\"703\" src=\"https:\/\/brocabois.fr\/wp-content\/uploads\/2025\/01\/1-4-1024x703.jpg\" alt=\"\" class=\"wp-image-319\" srcset=\"https:\/\/brocabois.fr\/wp-content\/uploads\/2025\/01\/1-4-1024x703.jpg 1024w, https:\/\/brocabois.fr\/wp-content\/uploads\/2025\/01\/1-4-300x206.jpg 300w, https:\/\/brocabois.fr\/wp-content\/uploads\/2025\/01\/1-4-768x527.jpg 768w, https:\/\/brocabois.fr\/wp-content\/uploads\/2025\/01\/1-4.jpg 1343w\" sizes=\"auto, (max-width: 1024px) 100vw, 1024px\" \/><\/figure>\n\n\n\n<p class=\"has-text-align-center has-small-font-size\">Table de ferme transform\u00e9e en table basse, avec 2 grands tiroirs.<br>Longueur 154 cm<br>Largeur 80 cm<br>Hauteur 52 cm<br><strong><em>Vendu<\/em><\/strong><\/p>\n\n\n\n<figure class=\"wp-block-image size-large is-style-rounded is-style-rounded--16\"><img loading=\"lazy\" decoding=\"async\" width=\"1024\" height=\"683\" src=\"https:\/\/brocabois.fr\/wp-content\/uploads\/2024\/12\/1-7-1024x683.jpg\" alt=\"\" class=\"wp-image-304\" srcset=\"https:\/\/brocabois.fr\/wp-content\/uploads\/2024\/12\/1-7-1024x683.jpg 1024w, https:\/\/brocabois.fr\/wp-content\/uploads\/2024\/12\/1-7-300x200.jpg 300w, https:\/\/brocabois.fr\/wp-content\/uploads\/2024\/12\/1-7-768x512.jpg 768w, https:\/\/brocabois.fr\/wp-content\/uploads\/2024\/12\/1-7-1536x1024.jpg 1536w, https:\/\/brocabois.fr\/wp-content\/uploads\/2024\/12\/1-7.jpg 1620w\" sizes=\"auto, (max-width: 1024px) 100vw, 1024px\" \/><\/figure>\n\n\n\n<p class=\"has-text-align-center has-small-font-size\">Commode des ann\u00e9es 50\/60.<br>Avec 3 tiroirs. Pieds compas. Couleurs miel\/acajou<br>Longueur 80 cm<br>Largeur 40 cm<br>Hauteur 80 cm<br><strong><em><strong><strong><em><strong><strong><em>Vendu<\/em><\/strong><\/strong><\/em><\/strong><\/strong><\/em><\/strong><\/p>\n\n\n\n<figure class=\"wp-block-image size-large is-style-rounded is-style-rounded--17\"><img loading=\"lazy\" decoding=\"async\" width=\"1024\" height=\"893\" src=\"https:\/\/brocabois.fr\/wp-content\/uploads\/2024\/12\/1-1024x893.jpg\" alt=\"\" class=\"wp-image-285\" srcset=\"https:\/\/brocabois.fr\/wp-content\/uploads\/2024\/12\/1-1024x893.jpg 1024w, https:\/\/brocabois.fr\/wp-content\/uploads\/2024\/12\/1-300x262.jpg 300w, https:\/\/brocabois.fr\/wp-content\/uploads\/2024\/12\/1-768x670.jpg 768w, https:\/\/brocabois.fr\/wp-content\/uploads\/2024\/12\/1.jpg 1156w\" sizes=\"auto, (max-width: 1024px) 100vw, 1024px\" \/><\/figure>\n\n\n\n<p class=\"has-text-align-center has-small-font-size\">Table de ferme r\u00e9nov\u00e9e (ponc\u00e9e, trait\u00e9e, cir\u00e9e)<br>D&rsquo;autres photos sur demande.<br>Longueur 1m14<br>Largeur 65 cm<br>Hauteur 69 cm<br><em><strong>Vendu<\/strong><\/em><\/p>\n\n\n\n<figure class=\"wp-block-image size-full is-style-rounded is-style-rounded--18\"><img loading=\"lazy\" decoding=\"async\" width=\"774\" height=\"768\" src=\"https:\/\/brocabois.fr\/wp-content\/uploads\/2024\/12\/site.jpg\" alt=\"\" class=\"wp-image-292\" srcset=\"https:\/\/brocabois.fr\/wp-content\/uploads\/2024\/12\/site.jpg 774w, https:\/\/brocabois.fr\/wp-content\/uploads\/2024\/12\/site-300x298.jpg 300w, https:\/\/brocabois.fr\/wp-content\/uploads\/2024\/12\/site-150x150.jpg 150w, https:\/\/brocabois.fr\/wp-content\/uploads\/2024\/12\/site-768x762.jpg 768w\" sizes=\"auto, (max-width: 774px) 100vw, 774px\" \/><\/figure>\n\n\n\n<p class=\"has-text-align-center has-small-font-size\">Table de ferme r\u00e9nov\u00e9e (ponc\u00e9e, trait\u00e9e, teint\u00e9 et cir\u00e9e).<br>Longueur 90 cm<br>Largeur 60 cm<br>Hauteur 70 cm<br><strong><em>Vendu<\/em><\/strong><\/p>\n\n\n\n<figure class=\"wp-block-image size-large is-style-rounded is-style-rounded--19\"><img loading=\"lazy\" decoding=\"async\" width=\"1024\" height=\"683\" src=\"https:\/\/brocabois.fr\/wp-content\/uploads\/2024\/12\/0-1024x683.jpg\" alt=\"\" class=\"wp-image-274\" srcset=\"https:\/\/brocabois.fr\/wp-content\/uploads\/2024\/12\/0-1024x683.jpg 1024w, https:\/\/brocabois.fr\/wp-content\/uploads\/2024\/12\/0-300x200.jpg 300w, https:\/\/brocabois.fr\/wp-content\/uploads\/2024\/12\/0-768x512.jpg 768w, https:\/\/brocabois.fr\/wp-content\/uploads\/2024\/12\/0-1536x1024.jpg 1536w, https:\/\/brocabois.fr\/wp-content\/uploads\/2024\/12\/0.jpg 1620w\" sizes=\"auto, (max-width: 1024px) 100vw, 1024px\" \/><\/figure>\n\n\n\n<p class=\"has-text-align-center has-small-font-size\">Console ou meuble t\u00e9l\u00e9 style table de ferme.<br>Elle a \u00e9t\u00e9 ponc\u00e9e, trait\u00e9e, cir\u00e9e.<br>Pi\u00e8ce unique et atypique sortie d&rsquo;un atelier.<br>Longueur 1m61<br>Largeur 49 cm<br>Hauteur 66 cm<br><strong><em><strong><em>Vendu<\/em><\/strong><\/em><\/strong><\/p>\n","protected":false},"excerpt":{"rendered":"<p>Une s\u00e9lection de meubles pour une d\u00e9coration vintage, champ\u00eatre et nature. De la table de ferme au bureau en passant par les bancs, chaises et tables basses. 2 bancs XXL industriel, assise en bois, pieds en m\u00e9talLongueur 3mHauteur 44cmLargeur 24cm et 28cm290\u20ac Table de fermeLongueur 140,5cmLargeur 69,5cmHauteur 77cm275\u20ac Escabeau de peintre transform\u00e9 en \u00e9tag\u00e8re. 4 [&hellip;]<\/p>\n","protected":false},"author":1,"featured_media":0,"parent":0,"menu_order":0,"comment_status":"closed","ping_status":"closed","template":"","meta":{"om_disable_all_campaigns":false,"_monsterinsights_skip_tracking":false,"_monsterinsights_sitenote_active":false,"_monsterinsights_sitenote_note":"","_monsterinsights_sitenote_category":0,"_uf_show_specific_survey":0,"_uf_disable_surveys":false,"footnotes":""},"class_list":["post-31","page","type-page","status-publish","hentry"],"aioseo_notices":[],"_links":{"self":[{"href":"https:\/\/brocabois.fr\/index.php\/wp-json\/wp\/v2\/pages\/31","targetHints":{"allow":["GET"]}}],"collection":[{"href":"https:\/\/brocabois.fr\/index.php\/wp-json\/wp\/v2\/pages"}],"about":[{"href":"https:\/\/brocabois.fr\/index.php\/wp-json\/wp\/v2\/types\/page"}],"author":[{"embeddable":true,"href":"https:\/\/brocabois.fr\/index.php\/wp-json\/wp\/v2\/users\/1"}],"replies":[{"embeddable":true,"href":"https:\/\/brocabois.fr\/index.php\/wp-json\/wp\/v2\/comments?post=31"}],"version-history":[{"count":28,"href":"https:\/\/brocabois.fr\/index.php\/wp-json\/wp\/v2\/pages\/31\/revisions"}],"predecessor-version":[{"id":662,"href":"https:\/\/brocabois.fr\/index.php\/wp-json\/wp\/v2\/pages\/31\/revisions\/662"}],"wp:attachment":[{"href":"https:\/\/brocabois.fr\/index.php\/wp-json\/wp\/v2\/media?parent=31"}],"curies":[{"name":"wp","href":"https:\/\/api.w.org\/{rel}","templated":true}]}}